{"id":2672,"date":"2026-04-16T08:36:11","date_gmt":"2026-04-16T08:36:11","guid":{"rendered":"https:\/\/dostudni.com\/index.php\/produkt\/omnigene-lacze-szwedzkie-1\/"},"modified":"2026-04-30T14:33:48","modified_gmt":"2026-04-30T14:33:48","slug":"omnigene-lacze-szwedzkie-1","status":"publish","type":"product","link":"https:\/\/dostudni.com\/index.php\/produkt\/omnigene-lacze-szwedzkie-1\/","title":{"rendered":"Omnigene \u0141\u0105cze szwedzkie 1&#8221;"},"content":{"rendered":"<p>OMNIGENA \u0141\u0104CZE SZWEDZKIE 1&#8243;<\/p>\n<p>Przedmiotem sprzeda\u017cy jest \u0142\u0105cze szwedzkie marki OMNIGENA o rozmiarze 1&#8243;, przeznaczone do instalacji wodnych i hydraulicznych.<\/p>\n<p>Opis:<br \/>\n\u0141\u0105cze szwedzkie zosta\u0142o zaprojektowane do szybkiego i szczelnego \u0142\u0105czenia element\u00f3w instalacji rurowych. Konstrukcja umo\u017cliwia \u0142atwy monta\u017c i demonta\u017c bez konieczno\u015bci obracania ca\u0142ej instalacji. Solidne wykonanie zapewnia trwa\u0142o\u015b\u0107 oraz niezawodno\u015b\u0107 w codziennym u\u017cytkowaniu.<\/p>\n<p>Specyfikacja:<\/p>\n<p>* marka: OMNIGENA<br \/>\n* typ: \u0142\u0105cze szwedzkie<br \/>\n* rozmiar: 1&#8243;<br \/>\n* materia\u0142: metal<\/p>\n<p>Zastosowanie:<\/p>\n<p>* instalacje wodne i hydrauliczne<br \/>\n* systemy rurowe<br \/>\n* prace monta\u017cowe i serwisowe<br \/>\n* zastosowania domowe i przemys\u0142owe<\/p>\n<p>Stan produktu:<br \/>\nProdukt nowy, fabrycznie nieu\u017cywany.<\/p>\n<p>Dodatkowe informacje:<\/p>\n<p>* szybki monta\u017c i demonta\u017c<br \/>\n* szczelne po\u0142\u0105czenie<br \/>\n* uniwersalne zastosowanie<\/p>\n<p>Zapraszam do zakupu.<\/p>\n","protected":false},"excerpt":{"rendered":"<p>OMNIGENA \u0141\u0104CZE SZWEDZKIE 1&#8243; Przedmiotem sprzeda\u017cy jest \u0142\u0105cze szwedzkie marki OMNIGENA o rozmiarze 1&#8243;, przeznaczone do instalacji wodnych i hydraulicznych. Opis: \u0141\u0105cze szwedzkie zosta\u0142o zaprojektowane do szybkiego i szczelnego \u0142\u0105czenia element\u00f3w instalacji rurowych. Konstrukcja umo\u017cliwia \u0142atwy monta\u017c i demonta\u017c bez konieczno\u015bci obracania ca\u0142ej instalacji. Solidne wykonanie zapewnia trwa\u0142o\u015b\u0107 oraz niezawodno\u015b\u0107 w codziennym u\u017cytkowaniu. Specyfikacja: * [&hellip;]<\/p>\n","protected":false},"featured_media":3865,"comment_status":"open","ping_status":"closed","template":"","meta":[],"dostudni_label":[],"product_brand":[23],"product_cat":[76],"product_tag":[],"class_list":{"0":"post-2672","1":"product","2":"type-product","3":"status-publish","4":"has-post-thumbnail","6":"product_brand-omnigena","7":"product_cat-zlaczki","8":"product_shipping_class-male","10":"first","11":"instock","12":"taxable","13":"shipping-taxable","14":"purchasable","15":"product-type-simple"},"_links":{"self":[{"href":"https:\/\/dostudni.com\/index.php\/wp-json\/wp\/v2\/product\/2672","targetHints":{"allow":["GET"]}}],"collection":[{"href":"https:\/\/dostudni.com\/index.php\/wp-json\/wp\/v2\/product"}],"about":[{"href":"https:\/\/dostudni.com\/index.php\/wp-json\/wp\/v2\/types\/product"}],"replies":[{"embeddable":true,"href":"https:\/\/dostudni.com\/index.php\/wp-json\/wp\/v2\/comments?post=2672"}],"wp:featuredmedia":[{"embeddable":true,"href":"https:\/\/dostudni.com\/index.php\/wp-json\/wp\/v2\/media\/3865"}],"wp:attachment":[{"href":"https:\/\/dostudni.com\/index.php\/wp-json\/wp\/v2\/media?parent=2672"}],"wp:term":[{"taxonomy":"dostudni_label","embeddable":true,"href":"https:\/\/dostudni.com\/index.php\/wp-json\/wp\/v2\/dostudni_label?post=2672"},{"taxonomy":"product_brand","embeddable":true,"href":"https:\/\/dostudni.com\/index.php\/wp-json\/wp\/v2\/product_brand?post=2672"},{"taxonomy":"product_cat","embeddable":true,"href":"https:\/\/dostudni.com\/index.php\/wp-json\/wp\/v2\/product_cat?post=2672"},{"taxonomy":"product_tag","embeddable":true,"href":"https:\/\/dostudni.com\/index.php\/wp-json\/wp\/v2\/product_tag?post=2672"}],"curies":[{"name":"wp","href":"https:\/\/api.w.org\/{rel}","templated":true}]}}