{"id":2958,"date":"2026-04-17T11:04:07","date_gmt":"2026-04-17T11:04:07","guid":{"rendered":"https:\/\/dostudni.com\/index.php\/produkt\/schmith-sciernica-listkowa-cyrkonowa-wypukla-60-sslc-02\/"},"modified":"2026-04-20T09:59:20","modified_gmt":"2026-04-20T09:59:20","slug":"schmith-sciernica-listkowa-cyrkonowa-wypukla-60-sslc-02","status":"publish","type":"product","link":"https:\/\/dostudni.com\/index.php\/produkt\/schmith-sciernica-listkowa-cyrkonowa-wypukla-60-sslc-02\/","title":{"rendered":"Schmith \u015aciernica listkowa cyrkonowa wypuk\u0142a 60 SSLC-02"},"content":{"rendered":"<p>SCHMITH \u015aCIERNICA LISTKOWA CYRKONOWA WYPUK\u0141A 60 SSLC-02<\/p>\n<p>Przedmiotem sprzeda\u017cy jest \u015bciernica listkowa cyrkonowa wypuk\u0142a marki Schmith o gradacji 60, model SSLC-02, przeznaczona do obr\u00f3bki metalu.<\/p>\n<p>Opis:<br \/>\n\u015aciernica listkowa zosta\u0142a wykonana z wysokiej jako\u015bci materia\u0142u cyrkonowego, kt\u00f3ry zapewnia du\u017c\u0105 wydajno\u015b\u0107 oraz d\u0142ug\u0105 \u017cywotno\u015b\u0107 narz\u0119dzia. Wypuk\u0142y kszta\u0142t umo\u017cliwia wygodn\u0105 prac\u0119 na powierzchniach p\u0142askich i kraw\u0119dziach, zapewniaj\u0105c r\u00f3wnomierne szlifowanie oraz wysok\u0105 efektywno\u015b\u0107 obr\u00f3bki.<\/p>\n<p>Specyfikacja:<\/p>\n<p>* marka: Schmith<br \/>\n* model: SSLC-02<br \/>\n* typ: \u015bciernica listkowa wypuk\u0142a<br \/>\n* gradacja: 60<br \/>\n* materia\u0142 \u015bcierny: cyrkon<\/p>\n<p>Zastosowanie:<\/p>\n<p>* szlifowanie i obr\u00f3bka metalu<br \/>\n* usuwanie spaw\u00f3w i nier\u00f3wno\u015bci<br \/>\n* prace warsztatowe i \u015blusarskie<br \/>\n* zastosowania profesjonalne i przemys\u0142owe<\/p>\n<p>Stan produktu:<br \/>\nProdukt nowy, fabrycznie nieu\u017cywany.<\/p>\n<p>Dodatkowe informacje:<\/p>\n<p>* wysoka wydajno\u015b\u0107 \u015bcierna<br \/>\n* d\u0142uga \u017cywotno\u015b\u0107<br \/>\n* r\u00f3wnomierna praca na powierzchni<\/p>\n<p>Zapraszam do zakupu.<\/p>\n","protected":false},"excerpt":{"rendered":"<p>SCHMITH \u015aCIERNICA LISTKOWA CYRKONOWA WYPUK\u0141A 60 SSLC-02 Przedmiotem sprzeda\u017cy jest \u015bciernica listkowa cyrkonowa wypuk\u0142a marki Schmith o gradacji 60, model SSLC-02, przeznaczona do obr\u00f3bki metalu. Opis: \u015aciernica listkowa zosta\u0142a wykonana z wysokiej jako\u015bci materia\u0142u cyrkonowego, kt\u00f3ry zapewnia du\u017c\u0105 wydajno\u015b\u0107 oraz d\u0142ug\u0105 \u017cywotno\u015b\u0107 narz\u0119dzia. Wypuk\u0142y kszta\u0142t umo\u017cliwia wygodn\u0105 prac\u0119 na powierzchniach p\u0142askich i kraw\u0119dziach, zapewniaj\u0105c r\u00f3wnomierne [&hellip;]<\/p>\n","protected":false},"featured_media":2956,"comment_status":"open","ping_status":"closed","template":"","meta":[],"dostudni_label":[],"product_brand":[302],"product_cat":[296],"product_tag":[],"class_list":{"0":"post-2958","1":"product","2":"type-product","3":"status-publish","4":"has-post-thumbnail","6":"product_brand-schmith","7":"product_cat-narzedzia","8":"product_shipping_class-male","10":"first","11":"instock","12":"taxable","13":"shipping-taxable","14":"purchasable","15":"product-type-simple"},"_links":{"self":[{"href":"https:\/\/dostudni.com\/index.php\/wp-json\/wp\/v2\/product\/2958","targetHints":{"allow":["GET"]}}],"collection":[{"href":"https:\/\/dostudni.com\/index.php\/wp-json\/wp\/v2\/product"}],"about":[{"href":"https:\/\/dostudni.com\/index.php\/wp-json\/wp\/v2\/types\/product"}],"replies":[{"embeddable":true,"href":"https:\/\/dostudni.com\/index.php\/wp-json\/wp\/v2\/comments?post=2958"}],"wp:featuredmedia":[{"embeddable":true,"href":"https:\/\/dostudni.com\/index.php\/wp-json\/wp\/v2\/media\/2956"}],"wp:attachment":[{"href":"https:\/\/dostudni.com\/index.php\/wp-json\/wp\/v2\/media?parent=2958"}],"wp:term":[{"taxonomy":"dostudni_label","embeddable":true,"href":"https:\/\/dostudni.com\/index.php\/wp-json\/wp\/v2\/dostudni_label?post=2958"},{"taxonomy":"product_brand","embeddable":true,"href":"https:\/\/dostudni.com\/index.php\/wp-json\/wp\/v2\/product_brand?post=2958"},{"taxonomy":"product_cat","embeddable":true,"href":"https:\/\/dostudni.com\/index.php\/wp-json\/wp\/v2\/product_cat?post=2958"},{"taxonomy":"product_tag","embeddable":true,"href":"https:\/\/dostudni.com\/index.php\/wp-json\/wp\/v2\/product_tag?post=2958"}],"curies":[{"name":"wp","href":"https:\/\/api.w.org\/{rel}","templated":true}]}}