{"id":3091,"date":"2026-04-17T11:05:11","date_gmt":"2026-04-17T11:05:11","guid":{"rendered":"https:\/\/dostudni.com\/index.php\/produkt\/schmith-rekawice-robocze-skorzane-z-rzepem-r-9-srsk-9r\/"},"modified":"2026-04-30T14:17:38","modified_gmt":"2026-04-30T14:17:38","slug":"schmith-rekawice-robocze-skorzane-z-rzepem-r-9-srsk-9r","status":"publish","type":"product","link":"https:\/\/dostudni.com\/index.php\/produkt\/schmith-rekawice-robocze-skorzane-z-rzepem-r-9-srsk-9r\/","title":{"rendered":"Schmith  R\u0119kawice robocze sk\u00f3rzane z rzepem r. 9  SRSK-9R"},"content":{"rendered":"<p>SCHMITH R\u0118KAWICE ROBOCZE SK\u00d3RZANE Z RZEPEM R. 9 SRSK-9R<\/p>\n<p>Przedmiotem sprzeda\u017cy s\u0105 r\u0119kawice robocze sk\u00f3rzane marki Schmith w rozmiarze 9, wyposa\u017cone w zapi\u0119cie na rzep, model SRSK-9R.<\/p>\n<p>Opis:<br \/>\nR\u0119kawice zosta\u0142y wykonane z wysokiej jako\u015bci sk\u00f3ry, zapewniaj\u0105cej dobr\u0105 trwa\u0142o\u015b\u0107 oraz komfort pracy. Zapi\u0119cie na rzep umo\u017cliwia lepsze dopasowanie do nadgarstka, co zwi\u0119ksza stabilno\u015b\u0107 oraz zapobiega zsuwaniu si\u0119 r\u0119kawic podczas pracy. Produkt przeznaczony do prac wymagaj\u0105cych ochrony d\u0142oni oraz pewnego chwytu.<\/p>\n<p>Specyfikacja:<\/p>\n<p>* marka: Schmith<br \/>\n* model: SRSK-9R<br \/>\n* rozmiar: 9<br \/>\n* typ: r\u0119kawice robocze sk\u00f3rzane<br \/>\n* zapi\u0119cie: rzep<br \/>\n* materia\u0142: sk\u00f3ra naturalna<\/p>\n<p>Zastosowanie:<\/p>\n<p>* prace warsztatowe i monta\u017cowe<br \/>\n* prace techniczne i serwisowe<br \/>\n* budownictwo i logistyka<br \/>\n* zastosowania profesjonalne i p\u00f3\u0142profesjonalne<\/p>\n<p>Stan produktu:<br \/>\nProdukt nowy, fabrycznie nieu\u017cywany.<\/p>\n<p>Dodatkowe informacje:<\/p>\n<p>* regulacja dopasowania dzi\u0119ki rzepowi<br \/>\n* dobra chwytno\u015b\u0107<br \/>\n* wysoka wygoda u\u017cytkowania<\/p>\n<p>Zapraszam do zakupu.<\/p>\n","protected":false},"excerpt":{"rendered":"<p>SCHMITH R\u0118KAWICE ROBOCZE SK\u00d3RZANE Z RZEPEM R. 9 SRSK-9R Przedmiotem sprzeda\u017cy s\u0105 r\u0119kawice robocze sk\u00f3rzane marki Schmith w rozmiarze 9, wyposa\u017cone w zapi\u0119cie na rzep, model SRSK-9R. Opis: R\u0119kawice zosta\u0142y wykonane z wysokiej jako\u015bci sk\u00f3ry, zapewniaj\u0105cej dobr\u0105 trwa\u0142o\u015b\u0107 oraz komfort pracy. Zapi\u0119cie na rzep umo\u017cliwia lepsze dopasowanie do nadgarstka, co zwi\u0119ksza stabilno\u015b\u0107 oraz zapobiega zsuwaniu [&hellip;]<\/p>\n","protected":false},"featured_media":3823,"comment_status":"open","ping_status":"closed","template":"","meta":[],"dostudni_label":[],"product_brand":[302],"product_cat":[24],"product_tag":[],"class_list":{"0":"post-3091","1":"product","2":"type-product","3":"status-publish","4":"has-post-thumbnail","6":"product_brand-schmith","7":"product_cat-akcesoria","8":"product_shipping_class-male","10":"first","11":"instock","12":"taxable","13":"shipping-taxable","14":"purchasable","15":"product-type-simple"},"_links":{"self":[{"href":"https:\/\/dostudni.com\/index.php\/wp-json\/wp\/v2\/product\/3091","targetHints":{"allow":["GET"]}}],"collection":[{"href":"https:\/\/dostudni.com\/index.php\/wp-json\/wp\/v2\/product"}],"about":[{"href":"https:\/\/dostudni.com\/index.php\/wp-json\/wp\/v2\/types\/product"}],"replies":[{"embeddable":true,"href":"https:\/\/dostudni.com\/index.php\/wp-json\/wp\/v2\/comments?post=3091"}],"wp:featuredmedia":[{"embeddable":true,"href":"https:\/\/dostudni.com\/index.php\/wp-json\/wp\/v2\/media\/3823"}],"wp:attachment":[{"href":"https:\/\/dostudni.com\/index.php\/wp-json\/wp\/v2\/media?parent=3091"}],"wp:term":[{"taxonomy":"dostudni_label","embeddable":true,"href":"https:\/\/dostudni.com\/index.php\/wp-json\/wp\/v2\/dostudni_label?post=3091"},{"taxonomy":"product_brand","embeddable":true,"href":"https:\/\/dostudni.com\/index.php\/wp-json\/wp\/v2\/product_brand?post=3091"},{"taxonomy":"product_cat","embeddable":true,"href":"https:\/\/dostudni.com\/index.php\/wp-json\/wp\/v2\/product_cat?post=3091"},{"taxonomy":"product_tag","embeddable":true,"href":"https:\/\/dostudni.com\/index.php\/wp-json\/wp\/v2\/product_tag?post=3091"}],"curies":[{"name":"wp","href":"https:\/\/api.w.org\/{rel}","templated":true}]}}