{"id":3273,"date":"2026-04-17T11:08:53","date_gmt":"2026-04-17T11:08:53","guid":{"rendered":"https:\/\/dostudni.com\/index.php\/produkt\/zlaczka-gz-32x3-4\/"},"modified":"2026-04-20T10:35:54","modified_gmt":"2026-04-20T10:35:54","slug":"zlaczka-gz-32x3-4","status":"publish","type":"product","link":"https:\/\/dostudni.com\/index.php\/produkt\/zlaczka-gz-32x3-4\/","title":{"rendered":"Z\u0142\u0105czka GZ 32&#215;3\/4"},"content":{"rendered":"<p>Z\u0141\u0104CZKA GZ 32 x 3\/4&#8243;<\/p>\n<p>Przedmiotem sprzeda\u017cy jest z\u0142\u0105czka gwintowana GZ 32 x 3\/4&#8243;, przeznaczona do \u0142\u0105czenia element\u00f3w instalacji rurowych.<\/p>\n<p>Opis:<br \/>\nZ\u0142\u0105czka zosta\u0142a zaprojektowana do trwa\u0142ego i szczelnego \u0142\u0105czenia rur oraz element\u00f3w instalacyjnych o r\u00f3\u017cnych \u015brednicach i gwintach. Wykonana z wytrzyma\u0142ych materia\u0142\u00f3w, zapewnia odporno\u015b\u0107 na ci\u015bnienie robocze oraz d\u0142ug\u0105 \u017cywotno\u015b\u0107. Precyzyjne wykonanie gwarantuje pewne i stabilne po\u0142\u0105czenie.<\/p>\n<p>Specyfikacja:<\/p>\n<p>* typ: z\u0142\u0105czka gwintowana GZ<br \/>\n* rozmiar: 32 x 3\/4&#8243;<br \/>\n* materia\u0142: stal \/ tworzywo (w zale\u017cno\u015bci od wersji)<br \/>\n* gwint: zewn\u0119trzny<\/p>\n<p>Zastosowanie:<\/p>\n<p>* instalacje wodne i hydrauliczne<br \/>\n* systemy rurowe<br \/>\n* prace monta\u017cowe i serwisowe<br \/>\n* zastosowania domowe i profesjonalne<\/p>\n<p>Stan produktu:<br \/>\nProdukt nowy, fabrycznie nieu\u017cywany.<\/p>\n<p>Dodatkowe informacje:<\/p>\n<p>* szczelne i trwa\u0142e po\u0142\u0105czenie<br \/>\n* \u0142atwy monta\u017c<br \/>\n* odporno\u015b\u0107 na standardowe warunki eksploatacyjne<\/p>\n<p>Zapraszam do zakupu.<\/p>\n","protected":false},"excerpt":{"rendered":"<p>Z\u0141\u0104CZKA GZ 32 x 3\/4&#8243; Przedmiotem sprzeda\u017cy jest z\u0142\u0105czka gwintowana GZ 32 x 3\/4&#8243;, przeznaczona do \u0142\u0105czenia element\u00f3w instalacji rurowych. Opis: Z\u0142\u0105czka zosta\u0142a zaprojektowana do trwa\u0142ego i szczelnego \u0142\u0105czenia rur oraz element\u00f3w instalacyjnych o r\u00f3\u017cnych \u015brednicach i gwintach. Wykonana z wytrzyma\u0142ych materia\u0142\u00f3w, zapewnia odporno\u015b\u0107 na ci\u015bnienie robocze oraz d\u0142ug\u0105 \u017cywotno\u015b\u0107. Precyzyjne wykonanie gwarantuje pewne i [&hellip;]<\/p>\n","protected":false},"featured_media":3272,"comment_status":"open","ping_status":"closed","template":"","meta":[],"dostudni_label":[],"product_brand":[],"product_cat":[76],"product_tag":[],"class_list":{"0":"post-3273","1":"product","2":"type-product","3":"status-publish","4":"has-post-thumbnail","6":"product_cat-zlaczki","7":"product_shipping_class-srednie-paczki","9":"first","10":"instock","11":"taxable","12":"shipping-taxable","13":"purchasable","14":"product-type-simple"},"_links":{"self":[{"href":"https:\/\/dostudni.com\/index.php\/wp-json\/wp\/v2\/product\/3273","targetHints":{"allow":["GET"]}}],"collection":[{"href":"https:\/\/dostudni.com\/index.php\/wp-json\/wp\/v2\/product"}],"about":[{"href":"https:\/\/dostudni.com\/index.php\/wp-json\/wp\/v2\/types\/product"}],"replies":[{"embeddable":true,"href":"https:\/\/dostudni.com\/index.php\/wp-json\/wp\/v2\/comments?post=3273"}],"wp:featuredmedia":[{"embeddable":true,"href":"https:\/\/dostudni.com\/index.php\/wp-json\/wp\/v2\/media\/3272"}],"wp:attachment":[{"href":"https:\/\/dostudni.com\/index.php\/wp-json\/wp\/v2\/media?parent=3273"}],"wp:term":[{"taxonomy":"dostudni_label","embeddable":true,"href":"https:\/\/dostudni.com\/index.php\/wp-json\/wp\/v2\/dostudni_label?post=3273"},{"taxonomy":"product_brand","embeddable":true,"href":"https:\/\/dostudni.com\/index.php\/wp-json\/wp\/v2\/product_brand?post=3273"},{"taxonomy":"product_cat","embeddable":true,"href":"https:\/\/dostudni.com\/index.php\/wp-json\/wp\/v2\/product_cat?post=3273"},{"taxonomy":"product_tag","embeddable":true,"href":"https:\/\/dostudni.com\/index.php\/wp-json\/wp\/v2\/product_tag?post=3273"}],"curies":[{"name":"wp","href":"https:\/\/api.w.org\/{rel}","templated":true}]}}