{"id":3350,"date":"2026-04-17T11:09:58","date_gmt":"2026-04-17T11:09:58","guid":{"rendered":"https:\/\/dostudni.com\/index.php\/produkt\/redukcja-elite-1-1-2x1-1-4-ocynk\/"},"modified":"2026-04-30T12:50:50","modified_gmt":"2026-04-30T12:50:50","slug":"redukcja-elite-1-1-2x1-1-4-ocynk","status":"publish","type":"product","link":"https:\/\/dostudni.com\/index.php\/produkt\/redukcja-elite-1-1-2x1-1-4-ocynk\/","title":{"rendered":"Redukcja Elite 1 1\/2&#8221;x1 1\/4&#8221; ocynk"},"content":{"rendered":"<p>REDUKCJA ELITE 1 1\/2&#8243; x 1 1\/4&#8243; OCYNKOWANA<\/p>\n<p>Przedmiotem sprzeda\u017cy jest redukcja gwintowana marki Elite o rozmiarze 1 1\/2&#8243; x 1 1\/4&#8243;, wykonana ze stali ocynkowanej, przeznaczona do instalacji wodnych i hydraulicznych.<\/p>\n<p>Opis:<br \/>\nRedukcja zosta\u0142a zaprojektowana do \u0142\u0105czenia element\u00f3w instalacji o r\u00f3\u017cnych \u015brednicach gwint\u00f3w. Ocynkowana powierzchnia zapewnia zwi\u0119kszon\u0105 odporno\u015b\u0107 na korozj\u0119 oraz wyd\u0142u\u017con\u0105 \u017cywotno\u015b\u0107 elementu. Precyzyjne wykonanie gwint\u00f3w gwarantuje szczelne i trwa\u0142e po\u0142\u0105czenie w systemach rurowych.<\/p>\n<p>Specyfikacja:<\/p>\n<p>* marka: Elite<br \/>\n* typ: redukcja gwintowana<br \/>\n* rozmiar: 1 1\/2&#8243; x 1 1\/4&#8243;<br \/>\n* materia\u0142: stal ocynkowana<\/p>\n<p>Zastosowanie:<\/p>\n<p>* instalacje wodne i hydrauliczne<br \/>\n* systemy rurowe<br \/>\n* prace monta\u017cowe i serwisowe<br \/>\n* zastosowania domowe i przemys\u0142owe<\/p>\n<p>Stan produktu:<br \/>\nProdukt nowy, fabrycznie nieu\u017cywany.<\/p>\n<p>Dodatkowe informacje:<\/p>\n<p>* odporno\u015b\u0107 na korozj\u0119 dzi\u0119ki ocynkowaniu<br \/>\n* szczelne i trwa\u0142e po\u0142\u0105czenie<br \/>\n* \u0142atwy monta\u017c<\/p>\n<p>Zapraszam do zakupu.<\/p>\n","protected":false},"excerpt":{"rendered":"<p>REDUKCJA ELITE 1 1\/2&#8243; x 1 1\/4&#8243; OCYNKOWANA Przedmiotem sprzeda\u017cy jest redukcja gwintowana marki Elite o rozmiarze 1 1\/2&#8243; x 1 1\/4&#8243;, wykonana ze stali ocynkowanej, przeznaczona do instalacji wodnych i hydraulicznych. Opis: Redukcja zosta\u0142a zaprojektowana do \u0142\u0105czenia element\u00f3w instalacji o r\u00f3\u017cnych \u015brednicach gwint\u00f3w. Ocynkowana powierzchnia zapewnia zwi\u0119kszon\u0105 odporno\u015b\u0107 na korozj\u0119 oraz wyd\u0142u\u017con\u0105 \u017cywotno\u015b\u0107 elementu. [&hellip;]<\/p>\n","protected":false},"featured_media":3766,"comment_status":"open","ping_status":"closed","template":"","meta":[],"dostudni_label":[],"product_brand":[],"product_cat":[76],"product_tag":[],"class_list":{"0":"post-3350","1":"product","2":"type-product","3":"status-publish","4":"has-post-thumbnail","6":"product_cat-zlaczki","7":"product_shipping_class-male","9":"first","10":"instock","11":"taxable","12":"shipping-taxable","13":"purchasable","14":"product-type-simple"},"_links":{"self":[{"href":"https:\/\/dostudni.com\/index.php\/wp-json\/wp\/v2\/product\/3350","targetHints":{"allow":["GET"]}}],"collection":[{"href":"https:\/\/dostudni.com\/index.php\/wp-json\/wp\/v2\/product"}],"about":[{"href":"https:\/\/dostudni.com\/index.php\/wp-json\/wp\/v2\/types\/product"}],"replies":[{"embeddable":true,"href":"https:\/\/dostudni.com\/index.php\/wp-json\/wp\/v2\/comments?post=3350"}],"wp:featuredmedia":[{"embeddable":true,"href":"https:\/\/dostudni.com\/index.php\/wp-json\/wp\/v2\/media\/3766"}],"wp:attachment":[{"href":"https:\/\/dostudni.com\/index.php\/wp-json\/wp\/v2\/media?parent=3350"}],"wp:term":[{"taxonomy":"dostudni_label","embeddable":true,"href":"https:\/\/dostudni.com\/index.php\/wp-json\/wp\/v2\/dostudni_label?post=3350"},{"taxonomy":"product_brand","embeddable":true,"href":"https:\/\/dostudni.com\/index.php\/wp-json\/wp\/v2\/product_brand?post=3350"},{"taxonomy":"product_cat","embeddable":true,"href":"https:\/\/dostudni.com\/index.php\/wp-json\/wp\/v2\/product_cat?post=3350"},{"taxonomy":"product_tag","embeddable":true,"href":"https:\/\/dostudni.com\/index.php\/wp-json\/wp\/v2\/product_tag?post=3350"}],"curies":[{"name":"wp","href":"https:\/\/api.w.org\/{rel}","templated":true}]}}