{"id":3372,"date":"2026-04-17T11:10:13","date_gmt":"2026-04-17T11:10:13","guid":{"rendered":"https:\/\/dostudni.com\/index.php\/produkt\/zlaczka-zaciskowa-z-gwintem-zewnetrznym-pa-50x2\/"},"modified":"2026-04-30T12:17:53","modified_gmt":"2026-04-30T12:17:53","slug":"zlaczka-zaciskowa-z-gwintem-zewnetrznym-pa-50x2","status":"publish","type":"product","link":"https:\/\/dostudni.com\/index.php\/produkt\/zlaczka-zaciskowa-z-gwintem-zewnetrznym-pa-50x2\/","title":{"rendered":"Z\u0142\u0105czka zaciskowa z gwintem zewn\u0119trznym &#8222;PA&#8221; 50&#215;2&#8243;"},"content":{"rendered":"<p>Z\u0141\u0104CZKA ZACISKOWA Z GWINTEM ZEWN\u0118TRZNYM \u201ePA\u201d 50 x 2&#8243;<\/p>\n<p>Przedmiotem sprzeda\u017cy jest z\u0142\u0105czka zaciskowa typu \u201ePA\u201d z gwintem zewn\u0119trznym o wymiarze 50 x 2&#8243;, przeznaczona do \u0142\u0105czenia rur w instalacjach wodnych.<\/p>\n<p>Opis:<br \/>\nZ\u0142\u0105czka zosta\u0142a zaprojektowana do \u0142\u0105czenia rur PE z elementami gwintowanymi instalacji. Wyposa\u017cenie w gwint zewn\u0119trzny umo\u017cliwia \u0142atwe pod\u0142\u0105czenie armatury oraz innych komponent\u00f3w instalacyjnych. Konstrukcja zaciskowa zapewnia szybki monta\u017c oraz szczelne i trwa\u0142e po\u0142\u0105czenie.<\/p>\n<p>Specyfikacja:<\/p>\n<p>* typ: z\u0142\u0105czka zaciskowa<br \/>\n* oznaczenie: \u201ePA\u201d<br \/>\n* rozmiar: 50 x 2&#8243;<br \/>\n* gwint: zewn\u0119trzny<br \/>\n* materia\u0142: tworzywo \/ metal (w zale\u017cno\u015bci od wersji)<\/p>\n<p>Zastosowanie:<\/p>\n<p>* instalacje wodne z rur PE<br \/>\n* systemy wodoci\u0105gowe<br \/>\n* po\u0142\u0105czenia z armatur\u0105 gwintowan\u0105<br \/>\n* prace monta\u017cowe i serwisowe<\/p>\n<p>Stan produktu:<br \/>\nProdukt nowy, fabrycznie nieu\u017cywany.<\/p>\n<p>Dodatkowe informacje:<\/p>\n<p>* szybki monta\u017c zaciskowy<br \/>\n* szczelne i trwa\u0142e po\u0142\u0105czenie<br \/>\n* uniwersalne zastosowanie<\/p>\n<p>Zapraszam do zakupu.<\/p>\n","protected":false},"excerpt":{"rendered":"<p>Z\u0141\u0104CZKA ZACISKOWA Z GWINTEM ZEWN\u0118TRZNYM \u201ePA\u201d 50 x 2&#8243; Przedmiotem sprzeda\u017cy jest z\u0142\u0105czka zaciskowa typu \u201ePA\u201d z gwintem zewn\u0119trznym o wymiarze 50 x 2&#8243;, przeznaczona do \u0142\u0105czenia rur w instalacjach wodnych. Opis: Z\u0142\u0105czka zosta\u0142a zaprojektowana do \u0142\u0105czenia rur PE z elementami gwintowanymi instalacji. Wyposa\u017cenie w gwint zewn\u0119trzny umo\u017cliwia \u0142atwe pod\u0142\u0105czenie armatury oraz innych komponent\u00f3w instalacyjnych. [&hellip;]<\/p>\n","protected":false},"featured_media":3740,"comment_status":"open","ping_status":"closed","template":"","meta":[],"dostudni_label":[],"product_brand":[],"product_cat":[76],"product_tag":[],"class_list":{"0":"post-3372","1":"product","2":"type-product","3":"status-publish","4":"has-post-thumbnail","6":"product_cat-zlaczki","7":"product_shipping_class-srednie-paczki","9":"first","10":"instock","11":"taxable","12":"shipping-taxable","13":"purchasable","14":"product-type-simple"},"_links":{"self":[{"href":"https:\/\/dostudni.com\/index.php\/wp-json\/wp\/v2\/product\/3372","targetHints":{"allow":["GET"]}}],"collection":[{"href":"https:\/\/dostudni.com\/index.php\/wp-json\/wp\/v2\/product"}],"about":[{"href":"https:\/\/dostudni.com\/index.php\/wp-json\/wp\/v2\/types\/product"}],"replies":[{"embeddable":true,"href":"https:\/\/dostudni.com\/index.php\/wp-json\/wp\/v2\/comments?post=3372"}],"wp:featuredmedia":[{"embeddable":true,"href":"https:\/\/dostudni.com\/index.php\/wp-json\/wp\/v2\/media\/3740"}],"wp:attachment":[{"href":"https:\/\/dostudni.com\/index.php\/wp-json\/wp\/v2\/media?parent=3372"}],"wp:term":[{"taxonomy":"dostudni_label","embeddable":true,"href":"https:\/\/dostudni.com\/index.php\/wp-json\/wp\/v2\/dostudni_label?post=3372"},{"taxonomy":"product_brand","embeddable":true,"href":"https:\/\/dostudni.com\/index.php\/wp-json\/wp\/v2\/product_brand?post=3372"},{"taxonomy":"product_cat","embeddable":true,"href":"https:\/\/dostudni.com\/index.php\/wp-json\/wp\/v2\/product_cat?post=3372"},{"taxonomy":"product_tag","embeddable":true,"href":"https:\/\/dostudni.com\/index.php\/wp-json\/wp\/v2\/product_tag?post=3372"}],"curies":[{"name":"wp","href":"https:\/\/api.w.org\/{rel}","templated":true}]}}