{"id":3388,"date":"2026-04-17T11:12:11","date_gmt":"2026-04-17T11:12:11","guid":{"rendered":"https:\/\/dostudni.com\/index.php\/produkt\/zbiornik-gcd-450lv-pion-gws-challenger-10-bar\/"},"modified":"2026-04-30T14:02:19","modified_gmt":"2026-04-30T14:02:19","slug":"zbiornik-gcd-450lv-pion-gws-challenger-10-bar","status":"publish","type":"product","link":"https:\/\/dostudni.com\/index.php\/produkt\/zbiornik-gcd-450lv-pion-gws-challenger-10-bar\/","title":{"rendered":"Zbiornik GCD-450LV pion GWS Challenger 10 bar"},"content":{"rendered":"<p>ZBIORNIK GCD-450LV PION GWS CHALLENGER 10 BAR<\/p>\n<p>Przedmiotem sprzeda\u017cy jest pionowy zbiornik ci\u015bnieniowy GWS Challenger GCD-450LV o maksymalnym ci\u015bnieniu pracy 10 bar, przeznaczony do instalacji wodnych i system\u00f3w hydroforowych.<\/p>\n<p>Opis:<br \/>\nZbiornik ci\u015bnieniowy zosta\u0142 zaprojektowany do stabilizacji ci\u015bnienia w instalacjach wodnych oraz wsp\u00f3\u0142pracy z pompami. Konstrukcja membranowa pozwala na magazynowanie wody pod ci\u015bnieniem, co ogranicza cz\u0119stotliwo\u015b\u0107 za\u0142\u0105czania pompy i wyd\u0142u\u017ca jej \u017cywotno\u015b\u0107. Solidna budowa zapewnia wysok\u0105 trwa\u0142o\u015b\u0107 oraz niezawodno\u015b\u0107 pracy w systemach domowych i przemys\u0142owych.<\/p>\n<p>Specyfikacja:<\/p>\n<p>* marka: GWS<br \/>\n* model: GCD-450LV<br \/>\n* seria: Challenger<br \/>\n* typ: zbiornik ci\u015bnieniowy pionowy<br \/>\n* maksymalne ci\u015bnienie: 10 bar<br \/>\n* zastosowanie: instalacje wodne \/ hydrofory<\/p>\n<p>Zastosowanie:<\/p>\n<p>* systemy hydroforowe<br \/>\n* instalacje wodoci\u0105gowe<br \/>\n* stabilizacja ci\u015bnienia wody<br \/>\n* wsp\u00f3\u0142praca z pompami wodnymi<\/p>\n<p>Stan produktu:<br \/>\nProdukt nowy, fabrycznie nieu\u017cywany.<\/p>\n<p>Dodatkowe informacje:<\/p>\n<p>* wyd\u0142u\u017ca \u017cywotno\u015b\u0107 pompy<br \/>\n* stabilizuje ci\u015bnienie w instalacji<br \/>\n* solidna i trwa\u0142a konstrukcja<\/p>\n<p>Zapraszam do zakupu.<\/p>\n","protected":false},"excerpt":{"rendered":"<p>ZBIORNIK GCD-450LV PION GWS CHALLENGER 10 BAR Przedmiotem sprzeda\u017cy jest pionowy zbiornik ci\u015bnieniowy GWS Challenger GCD-450LV o maksymalnym ci\u015bnieniu pracy 10 bar, przeznaczony do instalacji wodnych i system\u00f3w hydroforowych. Opis: Zbiornik ci\u015bnieniowy zosta\u0142 zaprojektowany do stabilizacji ci\u015bnienia w instalacjach wodnych oraz wsp\u00f3\u0142pracy z pompami. Konstrukcja membranowa pozwala na magazynowanie wody pod ci\u015bnieniem, co ogranicza cz\u0119stotliwo\u015b\u0107 [&hellip;]<\/p>\n","protected":false},"featured_media":3812,"comment_status":"open","ping_status":"closed","template":"","meta":[],"dostudni_label":[],"product_brand":[23],"product_cat":[31],"product_tag":[],"class_list":{"0":"post-3388","1":"product","2":"type-product","3":"status-publish","4":"has-post-thumbnail","6":"product_brand-omnigena","7":"product_cat-zbiorniki-hydroforowe","8":"product_shipping_class-ciezkie","10":"first","11":"instock","12":"taxable","13":"shipping-taxable","14":"purchasable","15":"product-type-simple"},"_links":{"self":[{"href":"https:\/\/dostudni.com\/index.php\/wp-json\/wp\/v2\/product\/3388","targetHints":{"allow":["GET"]}}],"collection":[{"href":"https:\/\/dostudni.com\/index.php\/wp-json\/wp\/v2\/product"}],"about":[{"href":"https:\/\/dostudni.com\/index.php\/wp-json\/wp\/v2\/types\/product"}],"replies":[{"embeddable":true,"href":"https:\/\/dostudni.com\/index.php\/wp-json\/wp\/v2\/comments?post=3388"}],"wp:featuredmedia":[{"embeddable":true,"href":"https:\/\/dostudni.com\/index.php\/wp-json\/wp\/v2\/media\/3812"}],"wp:attachment":[{"href":"https:\/\/dostudni.com\/index.php\/wp-json\/wp\/v2\/media?parent=3388"}],"wp:term":[{"taxonomy":"dostudni_label","embeddable":true,"href":"https:\/\/dostudni.com\/index.php\/wp-json\/wp\/v2\/dostudni_label?post=3388"},{"taxonomy":"product_brand","embeddable":true,"href":"https:\/\/dostudni.com\/index.php\/wp-json\/wp\/v2\/product_brand?post=3388"},{"taxonomy":"product_cat","embeddable":true,"href":"https:\/\/dostudni.com\/index.php\/wp-json\/wp\/v2\/product_cat?post=3388"},{"taxonomy":"product_tag","embeddable":true,"href":"https:\/\/dostudni.com\/index.php\/wp-json\/wp\/v2\/product_tag?post=3388"}],"curies":[{"name":"wp","href":"https:\/\/api.w.org\/{rel}","templated":true}]}}