{"id":3464,"date":"2026-04-17T11:23:15","date_gmt":"2026-04-17T11:23:15","guid":{"rendered":"https:\/\/dostudni.com\/index.php\/produkt\/5u30-1311kw-omnigena-pompa-glebinowa\/"},"modified":"2026-04-30T13:23:41","modified_gmt":"2026-04-30T13:23:41","slug":"5u30-1311kw-omnigena-pompa-glebinowa","status":"publish","type":"product","link":"https:\/\/dostudni.com\/index.php\/produkt\/5u30-1311kw-omnigena-pompa-glebinowa\/","title":{"rendered":"5U30-13(11kW) OMNIGENA pompa g\u0142\u0119binowa"},"content":{"rendered":"<p>POMPA G\u0141\u0118BINOWA OMNIGENA 5U30-13 11 kW<\/p>\n<p>Przedmiotem sprzeda\u017cy jest pompa g\u0142\u0119binowa marki OMNIGENA, model 5U30-13, o mocy 11 kW, przeznaczona do t\u0142oczenia czystej wody.<\/p>\n<p>Opis:<br \/>\nPompa g\u0142\u0119binowa zosta\u0142a zaprojektowana do wydajnego poboru i t\u0142oczenia wody z uj\u0119\u0107 g\u0142\u0119binowych, studni oraz zbiornik\u00f3w. Wysoka moc 11 kW zapewnia bardzo du\u017c\u0105 wydajno\u015b\u0107 oraz stabiln\u0105 prac\u0119 w wymagaj\u0105cych instalacjach. Solidna konstrukcja umo\u017cliwia zastosowanie w systemach przemys\u0142owych, rolniczych oraz du\u017cych instalacjach wodnych.<\/p>\n<p>Specyfikacja:<\/p>\n<p>* marka: OMNIGENA<br \/>\n* model: 5U30-13<br \/>\n* typ: pompa g\u0142\u0119binowa<br \/>\n* moc: 11 kW<br \/>\n* przeznaczenie: czysta woda<\/p>\n<p>Zastosowanie:<\/p>\n<p>* studnie g\u0142\u0119binowe<br \/>\n* instalacje przemys\u0142owe i rolnicze<br \/>\n* systemy wodoci\u0105gowe<br \/>\n* systemy nawadniania<\/p>\n<p>Stan produktu:<br \/>\nProdukt nowy, fabrycznie nieu\u017cywany.<\/p>\n<p>Dodatkowe informacje:<\/p>\n<p>* bardzo wysoka wydajno\u015b\u0107 pracy<br \/>\n* solidna konstrukcja do pracy ci\u0105g\u0142ej<br \/>\n* zastosowanie profesjonalne<\/p>\n<p>Zapraszam do zakupu.<\/p>\n","protected":false},"excerpt":{"rendered":"<p>POMPA G\u0141\u0118BINOWA OMNIGENA 5U30-13 11 kW Przedmiotem sprzeda\u017cy jest pompa g\u0142\u0119binowa marki OMNIGENA, model 5U30-13, o mocy 11 kW, przeznaczona do t\u0142oczenia czystej wody. Opis: Pompa g\u0142\u0119binowa zosta\u0142a zaprojektowana do wydajnego poboru i t\u0142oczenia wody z uj\u0119\u0107 g\u0142\u0119binowych, studni oraz zbiornik\u00f3w. Wysoka moc 11 kW zapewnia bardzo du\u017c\u0105 wydajno\u015b\u0107 oraz stabiln\u0105 prac\u0119 w wymagaj\u0105cych instalacjach. [&hellip;]<\/p>\n","protected":false},"featured_media":3789,"comment_status":"open","ping_status":"closed","template":"","meta":[],"dostudni_label":[],"product_brand":[23],"product_cat":[19],"product_tag":[],"class_list":{"0":"post-3464","1":"product","2":"type-product","3":"status-publish","4":"has-post-thumbnail","6":"product_brand-omnigena","7":"product_cat-pompy-glebinowe","8":"product_shipping_class-pompy-duze","10":"first","11":"instock","12":"taxable","13":"shipping-taxable","14":"purchasable","15":"product-type-simple"},"_links":{"self":[{"href":"https:\/\/dostudni.com\/index.php\/wp-json\/wp\/v2\/product\/3464","targetHints":{"allow":["GET"]}}],"collection":[{"href":"https:\/\/dostudni.com\/index.php\/wp-json\/wp\/v2\/product"}],"about":[{"href":"https:\/\/dostudni.com\/index.php\/wp-json\/wp\/v2\/types\/product"}],"replies":[{"embeddable":true,"href":"https:\/\/dostudni.com\/index.php\/wp-json\/wp\/v2\/comments?post=3464"}],"wp:featuredmedia":[{"embeddable":true,"href":"https:\/\/dostudni.com\/index.php\/wp-json\/wp\/v2\/media\/3789"}],"wp:attachment":[{"href":"https:\/\/dostudni.com\/index.php\/wp-json\/wp\/v2\/media?parent=3464"}],"wp:term":[{"taxonomy":"dostudni_label","embeddable":true,"href":"https:\/\/dostudni.com\/index.php\/wp-json\/wp\/v2\/dostudni_label?post=3464"},{"taxonomy":"product_brand","embeddable":true,"href":"https:\/\/dostudni.com\/index.php\/wp-json\/wp\/v2\/product_brand?post=3464"},{"taxonomy":"product_cat","embeddable":true,"href":"https:\/\/dostudni.com\/index.php\/wp-json\/wp\/v2\/product_cat?post=3464"},{"taxonomy":"product_tag","embeddable":true,"href":"https:\/\/dostudni.com\/index.php\/wp-json\/wp\/v2\/product_tag?post=3464"}],"curies":[{"name":"wp","href":"https:\/\/api.w.org\/{rel}","templated":true}]}}